{"id":18,"date":"2022-04-15T18:46:28","date_gmt":"2022-04-15T18:46:28","guid":{"rendered":"https:\/\/test.haude-it.de\/?page_id=18"},"modified":"2022-04-16T20:16:51","modified_gmt":"2022-04-16T20:16:51","slug":"home","status":"publish","type":"page","link":"https:\/\/haude-it.de\/","title":{"rendered":"Home"},"content":{"rendered":"<p>[et_pb_section fb_built=&#8220;1&#8243; _builder_version=&#8220;4.17.1&#8243; _module_preset=&#8220;default&#8220; global_colors_info=&#8220;{}&#8220; theme_builder_area=&#8220;post_content&#8220;][et_pb_row make_equal=&#8220;on&#8220; _builder_version=&#8220;4.17.1&#8243; _module_preset=&#8220;default&#8220; background_image=&#8220;https:\/\/haude-it.de\/wp-content\/uploads\/2022\/04\/laptop-1.png&#8220; width=&#8220;100%&#8220; max_width=&#8220;2560px&#8220; height=&#8220;520px&#8220; hover_enabled=&#8220;0&#8243; border_radii=&#8220;on|10px|10px|10px|10px&#8220; global_colors_info=&#8220;{}&#8220; theme_builder_area=&#8220;post_content&#8220; title_text=&#8220;laptop&#8220; sticky_enabled=&#8220;0&#8243;][et_pb_column type=&#8220;4_4&#8243; _builder_version=&#8220;4.17.1&#8243; _module_preset=&#8220;default&#8220; global_colors_info=&#8220;{}&#8220; theme_builder_area=&#8220;post_content&#8220;][et_pb_text content_tablet=&#8220;<\/p>\n<h1 style=%22text-align: center;%22>Digitalisieren Sie Ihr Unternehmen<\/h1>\n<p style=%22text-align: center;%22>Wir helfen Ihnen Ihr Unternehmen Digital, zeitgem\u00e4\u00df aufzustellen<\/p>\n<p>&#8220; content_phone=&#8220;<\/p>\n<h1 style=%22text-align: center;%22>Digitalisieren Sie Ihr Unternehmen<\/h1>\n<p style=%22text-align: center;%22>Wir helfen Ihnen Ihr Unternehmen Digital, zeitgem\u00e4\u00df aufzustellen<\/p>\n<p>&#8220; content_last_edited=&#8220;on|tablet&#8220; _builder_version=&#8220;4.17.1&#8243; _module_preset=&#8220;default&#8220; text_font=&#8220;JetBrains Mono|800|||||||&#8220; text_text_color=&#8220;#FFFFFF&#8220; text_font_size=&#8220;25px&#8220; text_line_height=&#8220;1.9em&#8220; header_font=&#8220;|800|||||||&#8220; header_text_align=&#8220;center&#8220; header_text_color=&#8220;#FFFFFF&#8220; header_font_size=&#8220;32px&#8220; header_2_text_align=&#8220;center&#8220; background_color=&#8220;RGBA(255,255,255,0)&#8220; background_enable_image=&#8220;off&#8220; position_origin_a=&#8220;center_center&#8220; position_origin_f=&#8220;center_center&#8220; width=&#8220;100%&#8220; max_width=&#8220;100%&#8220; module_alignment=&#8220;center&#8220; min_height=&#8220;533px&#8220; custom_padding=&#8220;169px||258px||false|false&#8220; hover_enabled=&#8220;0&#8243; text_font_size_tablet=&#8220;16px&#8220; text_font_size_phone=&#8220;14px&#8220; text_font_size_last_edited=&#8220;on|phone&#8220; header_font_tablet=&#8220;|800|||||||&#8220; header_font_phone=&#8220;|800|||||||&#8220; header_font_last_edited=&#8220;on|tablet&#8220; global_colors_info=&#8220;{}&#8220; theme_builder_area=&#8220;post_content&#8220; sticky_enabled=&#8220;0&#8243;]<\/p>\n<h1 style=\"text-align: center;\">Digitalisieren Sie Ihr Unternehmen<\/h1>\n<p style=\"text-align: center;\">Wir helfen Ihnen Ihr Unternehmen Digital, zeitgem\u00e4\u00df aufzustellen<\/p>\n<p>[\/et_pb_text][\/et_pb_column][\/et_pb_row][et_pb_row _builder_version=&#8220;4.17.1&#8243; _module_preset=&#8220;default&#8220; width=&#8220;100%&#8220; max_width=&#8220;2560px&#8220; custom_margin=&#8220;50px||||false|false&#8220; global_colors_info=&#8220;{}&#8220; theme_builder_area=&#8220;post_content&#8220;][et_pb_column type=&#8220;4_4&#8243; _builder_version=&#8220;4.17.1&#8243; _module_preset=&#8220;default&#8220; global_colors_info=&#8220;{}&#8220; theme_builder_area=&#8220;post_content&#8220;][et_pb_text _builder_version=&#8220;4.17.1&#8243; _module_preset=&#8220;default&#8220; global_colors_info=&#8220;{}&#8220; theme_builder_area=&#8220;post_content&#8220;]<\/p>\n<h1 class=\"text-3xl font-extrabold text-gray sm:text-3xl sm:leading-none sm:tracking-tight lg:text-4xl\">Unser Angebot<\/h1>\n<p class=\"mt-6 max-w-2xl text-xl text-gray\">Individueller Service f\u00fcr individuelle Anforderungen<\/p>\n<p>[\/et_pb_text][\/et_pb_column][\/et_pb_row][et_pb_row column_structure=&#8220;1_3,1_3,1_3&#8243; make_equal=&#8220;on&#8220; custom_padding_last_edited=&#8220;on|phone&#8220; _builder_version=&#8220;4.17.1&#8243; _module_preset=&#8220;default&#8220; width=&#8220;100%&#8220; max_width=&#8220;2560px&#8220; custom_padding=&#8220;|80px||80px|false|false&#8220; custom_padding_tablet=&#8220;|0px||0px|false|false&#8220; custom_padding_phone=&#8220;|0px||0px|false|false&#8220; global_colors_info=&#8220;{}&#8220; theme_builder_area=&#8220;post_content&#8220;][et_pb_column type=&#8220;1_3&#8243; _builder_version=&#8220;4.17.1&#8243; _module_preset=&#8220;default&#8220; global_colors_info=&#8220;{}&#8220; theme_builder_area=&#8220;post_content&#8220;][et_pb_text _builder_version=&#8220;4.17.1&#8243; _module_preset=&#8220;default&#8220; custom_padding=&#8220;20px|20px|20px|20px|false|false&#8220; border_radii=&#8220;on|10px|10px|10px|10px&#8220; border_width_all=&#8220;2px&#8220; border_color_all=&#8220;#00AEA6&#8243; global_colors_info=&#8220;{}&#8220; theme_builder_area=&#8220;post_content&#8220;]<\/p>\n<h1><strong>Webauftritte<\/strong><\/h1>\n<h3><span>Die wichtigste Informationsquelle f\u00fcr Ihre Kunden<\/span><\/h3>\n<p>&nbsp;<\/p>\n<ul>\n<li>\n<h4><span>modernes Design, nach Ihren W\u00fcnschen<\/span><\/h4>\n<\/li>\n<li>\n<h4><span>Domain inklusive<\/span><\/h4>\n<\/li>\n<li>\n<h4><span>wir k\u00f6nnen Ihre Website Hosten<\/span><\/h4>\n<\/li>\n<li>\n<h4><span class=\"ml-3 text-gray\">schneller, pers\u00f6nlicher Support<\/span><\/h4>\n<\/li>\n<\/ul>\n<p><span><\/span><\/p>\n<p>[\/et_pb_text][\/et_pb_column][et_pb_column type=&#8220;1_3&#8243; _builder_version=&#8220;4.17.1&#8243; _module_preset=&#8220;default&#8220; global_colors_info=&#8220;{}&#8220; theme_builder_area=&#8220;post_content&#8220;][et_pb_text _builder_version=&#8220;4.17.1&#8243; _module_preset=&#8220;default&#8220; custom_padding=&#8220;20px|20px|20px|20px|false|false&#8220; border_radii=&#8220;on|10px|10px|10px|10px&#8220; border_width_all=&#8220;2px&#8220; border_color_all=&#8220;#00AEA6&#8243; global_colors_info=&#8220;{}&#8220; theme_builder_area=&#8220;post_content&#8220;]<\/p>\n<h1><strong>Webanwendungen<\/strong><\/h1>\n<h3><span>Digitalisieren Sie Ihre Prozesse mit einer individuellen Webanwendung<\/span><\/h3>\n<p>&nbsp;<\/p>\n<ul>\n<li>\n<h4><span>modernste Technologien<\/span><\/h4>\n<\/li>\n<li>\n<h4><span>hoch Individualisiert<\/span><\/h4>\n<\/li>\n<li>\n<h4><span>wir k\u00fcmmern uns um das Hosting<\/span><\/h4>\n<\/li>\n<li>\n<h4><span class=\"ml-3 text-gray\">schneller, pers\u00f6nlicher Support<\/span><\/h4>\n<\/li>\n<\/ul>\n<p><span><\/span><\/p>\n<p>[\/et_pb_text][\/et_pb_column][et_pb_column type=&#8220;1_3&#8243; _builder_version=&#8220;4.17.1&#8243; _module_preset=&#8220;default&#8220; global_colors_info=&#8220;{}&#8220; theme_builder_area=&#8220;post_content&#8220;][et_pb_text _builder_version=&#8220;4.17.1&#8243; _module_preset=&#8220;default&#8220; custom_padding=&#8220;20px|20px|20px|20px|false|false&#8220; border_radii=&#8220;on|10px|10px|10px|10px&#8220; border_width_all=&#8220;2px&#8220; border_color_all=&#8220;#00AEA6&#8243; global_colors_info=&#8220;{}&#8220; theme_builder_area=&#8220;post_content&#8220;]<\/p>\n<h1><strong>Mobile Apps<\/strong><\/h1>\n<h3><span>Eine eigene App ? <\/span><span>Wir helfen Ihnen!<\/span><\/h3>\n<p>&nbsp;<\/p>\n<ul>\n<li>\n<h4><span>Ihr Auftritt in den App Stores<\/span><\/h4>\n<\/li>\n<li>\n<h4><span>individuelle Anwendung<\/span><\/h4>\n<\/li>\n<li>\n<h4><span>angepasst an mobile Ger\u00e4te<\/span><\/h4>\n<\/li>\n<li>\n<h4><span class=\"ml-3 text-gray\">schneller, pers\u00f6nlicher Support<\/span><\/h4>\n<p><span class=\"ml-3 text-gray\"><\/span><\/li>\n<\/ul>\n<p><span><\/span><\/p>\n<p>[\/et_pb_text][\/et_pb_column][\/et_pb_row][et_pb_row _builder_version=&#8220;4.17.1&#8243; _module_preset=&#8220;default&#8220; width=&#8220;100%&#8220; max_width=&#8220;2560px&#8220; module_alignment=&#8220;center&#8220; global_colors_info=&#8220;{}&#8220; theme_builder_area=&#8220;post_content&#8220;][et_pb_column type=&#8220;4_4&#8243; _builder_version=&#8220;4.17.1&#8243; _module_preset=&#8220;default&#8220; global_colors_info=&#8220;{}&#8220; theme_builder_area=&#8220;post_content&#8220;][et_pb_button button_url=&#8220;https:\/\/outlook.office365.com\/owa\/calendar\/termine@haude-it.de\/bookings\/&#8220; url_new_window=&#8220;on&#8220; button_text=&#8220;Kontaktieren Sie uns&#8220; button_alignment=&#8220;center&#8220; _builder_version=&#8220;4.17.1&#8243; _module_preset=&#8220;default&#8220; custom_button=&#8220;on&#8220; button_text_color=&#8220;#FFFFFF&#8220; button_bg_color=&#8220;#00AEA6&#8243; button_border_radius=&#8220;10px&#8220; global_colors_info=&#8220;{}&#8220; theme_builder_area=&#8220;post_content&#8220;][\/et_pb_button][\/et_pb_column][\/et_pb_row][\/et_pb_section]<\/p>\n","protected":false},"excerpt":{"rendered":"<p>Digitalisieren Sie Ihr Unternehmen Wir helfen Ihnen Ihr Unternehmen Digital, zeitgem\u00e4\u00df aufzustellenUnser Angebot Individueller Service f\u00fcr individuelle AnforderungenWebauftritte Die wichtigste Informationsquelle f\u00fcr Ihre Kunden &nbsp; modernes Design, nach Ihren W\u00fcnschen Domain inklusive wir k\u00f6nnen Ihre Website Hosten schneller, pers\u00f6nlicher Support Webanwendungen Digitalisieren Sie Ihre Prozesse mit einer individuellen Webanwendung &nbsp; modernste Technologien hoch Individualisiert wir [&hellip;]<\/p>\n","protected":false},"author":1,"featured_media":0,"parent":0,"menu_order":0,"comment_status":"closed","ping_status":"closed","template":"","meta":{"_et_pb_use_builder":"on","_et_pb_old_content":"<!-- wp:divi\/placeholder \/-->","_et_gb_content_width":"","footnotes":""},"class_list":["post-18","page","type-page","status-publish","hentry"],"_links":{"self":[{"href":"https:\/\/haude-it.de\/index.php\/wp-json\/wp\/v2\/pages\/18","targetHints":{"allow":["GET"]}}],"collection":[{"href":"https:\/\/haude-it.de\/index.php\/wp-json\/wp\/v2\/pages"}],"about":[{"href":"https:\/\/haude-it.de\/index.php\/wp-json\/wp\/v2\/types\/page"}],"author":[{"embeddable":true,"href":"https:\/\/haude-it.de\/index.php\/wp-json\/wp\/v2\/users\/1"}],"replies":[{"embeddable":true,"href":"https:\/\/haude-it.de\/index.php\/wp-json\/wp\/v2\/comments?post=18"}],"version-history":[{"count":18,"href":"https:\/\/haude-it.de\/index.php\/wp-json\/wp\/v2\/pages\/18\/revisions"}],"predecessor-version":[{"id":303,"href":"https:\/\/haude-it.de\/index.php\/wp-json\/wp\/v2\/pages\/18\/revisions\/303"}],"wp:attachment":[{"href":"https:\/\/haude-it.de\/index.php\/wp-json\/wp\/v2\/media?parent=18"}],"curies":[{"name":"wp","href":"https:\/\/api.w.org\/{rel}","templated":true}]}}